mmon divisor of 52 and w.
52
Let f be 8 - (12/(-2))/(21/10346). What is the highest common divisor of f and 57?
57
Let o be ((-3)/6)/(1/(0 + -2)). What is the greatest common divisor of o and 13?
1
Suppose 90*i - 1440 = 66*i. What is the highest common factor of i and 228?
12
Suppose -5*y + 22 = -143. Let l be 4/2*(2 + 9). Calculate the highest common factor of l and y.
11
Let z(r) = 2*r**2 - r - 301. Let h be z(-15). What is the greatest common divisor of 1558 and h?
82
Suppose -5*n - 44 = -j, -j + 4*j - 5*n = 122. Calculate the greatest common divisor of 208 and j.
13
Let a be ((-4)/6 - -2)/((-20)/(-105)). Calculate the greatest common divisor of 63 and a.
7
Let x(a) = 20 + 2 + 2 + a + 8. Let v be x(-13). What is the highest common factor of 209 and v?
19
Let q(b) = 2*b**3 - 24*b**2 + 2*b + 33. Let k be q(12). What is the highest common divisor of k and 19?
19
Let b be 4/(-28) + (-1473)/(-21). What is the highest common divisor of b and 10?
10
Let g be (31/4)/(-7 - (-1967)/280). What is the greatest common divisor of g and 10?
10
Suppose -2*w + 5*w - 45 = 0. Suppose 2*l = w + 1. Suppose 2*o = 129 + 15. What is the highest common factor of o and l?
8
Let w(u) = -2*u**3 - 2*u - 1. Let j be w(-1). Let i be j*(-2 + 3) - -77. What is the highest common factor of 10 and i?
10
Let j be (-1 - (0 + -2)*1)*-1809. Let d be 2/(-16) - j/72. Calculate the greatest common divisor of 175 and d.
25
Suppose 270 = -3*g + 6*g + 3*z, 2*g = -3*z + 185. What is the greatest common divisor of g and 34?
17
Suppose 0 = 10*p - 2*p - 8. Let n(k) = k**2 + 17*k + 17. Let o be n(-16). What is the greatest common divisor of o and p?
1
Let f be ((-6)/7)/((-10)/(-140)). Let r be f/(-18)*9/6. What is the greatest common divisor of r and 8?
1
Let y(n) = n**2 - 11*n + 20. Let f be y(11). Let a = 51 - f. Calculate the highest common divisor of 155 and a.
31
Let r be 572/16 - (-5)/20. What is the highest common factor of 9 and r?
9
Let n(h) = 102*h**2 - h - 3. Let t be n(-3). What is the greatest common factor of 54 and t?
54
Let a be 6*99/(-18)*-3. What is the highest common divisor of a and 72?
9
Let q = -3 + 30. Let p(v) = -v**3 - 15*v**2 - 28*v - 8. Let k be (18/54)/(2/(-78) + 0). Let u be p(k). What is the greatest common factor of q and u?
9
Let o = -2444 - -2461. Calculate the highest common divisor of 221 and o.
17
Suppose 5*p - 1159 = -844. What is the highest common factor of p and 315?
63
Let r(f) = -3*f**2 - 7*f + 584. Let c be r(0). What is the greatest common divisor of c and 8?
8
Suppose -7 = -2*k + o, -o + 16 = 3*k + 3*o. Suppose 2*m - k*m + 24 = n, 3*n = 4*m - 68. What is the highest common factor of 238 and m?
14
Let d(j) = -5*j - 6*j**2 - 39*j**3 + 3*j + 40*j**3 + 7. Let p be d(7). Calculate the highest common divisor of 63 and p.
21
Let b(w) = -w**3 + 2*w**2 - 38*w - 5. Let r be b(-7). What is the greatest common factor of r and 52?
26
Let f = -4 - -6. Let z(q) = -q**2 + 4*q + 2. Suppose 3*h - 12 = -0*h. Let k be z(h). What is the greatest common factor of k and f?
2
Let q(p) = 8*p**2 - p**2 + 2 - 1. Let h be ((-12)/3 + 8 + -3)*1. Let x be q(h). What is the greatest common divisor of x and 8?
8
Suppose -f - 3*i - 8 = -i, -5*i = -5. Let y = -31 - -44. Let h = f + y. What is the greatest common divisor of h and 6?
3
Let u(k) = 2*k**3 + 38*k**2 - 60*k - 23. Let w be u(-20). What is the highest common divisor of 58 and w?
29
Suppose -3*b + 32 + 4 = 0. Let h(r) = 3*r**2 - 24*r + 8. Let w be 416/39*6/8. Let i be h(w). What is the highest common divisor of b and i?
4
Suppose 3*z + 2*n - 12 = 26, 0 = z + 5*n - 30. Calculate the greatest common divisor of z and 230.
10
Let i(f) = -f**3 - 6*f**2 - 4*f - 10. Let u be i(-6). Let h = -132 + 146. What is the greatest common factor of h and u?
14
Let t(s) = -s + 61. Let h be t(-5). Calculate the highest common factor of h and 88.
22
Let c = -644 - -704. Calculate the greatest common factor of c and 240.
60
Let m = -28 + 36. Suppose -m*o + o = -14. Let d be o*2 + (-14)/(-1). Calculate the highest common divisor of 12 and d.
6
Let j be (165/(-6))/(1 - (-3)/(-2)). Calculate the highest common factor of 5 and j.
5
Let p(h) = h**3 + 9*h**2 + 4*h + 7. Let x be p(-9). Let n = 48 + x. What is the highest common divisor of n and 152?
19
Suppose 0 = 4*q - 4*y + 5 - 1, -4*q - 4*y = -36. Let d be (6/5)/((-18)/(-45)). Let x be ((-18)/27)/((-2)/d). Calculate the highest common factor of x and q.
1
Suppose -2*m + 5*m - 115 = -4*b, -3*b = 3*m - 87. What is the highest common factor of b and 756?
28
Suppose c + 23 = 60. Let w = c - 35. What is the greatest common factor of 2 and w?
2
Suppose 22*i - 66 = 20*i. Suppose 0 = -i*k + 39*k - 60. Calculate the greatest common divisor of k and 50.
10
Let d = -1953 - -1959. Calculate the highest common divisor of d and 954.
6
Let b = -38 - -84. Suppose 2*l + 2 = l. Let p(a) = -35*a - 1. Let r be p(l). Calculate the greatest common factor of b and r.
23
Suppose 5*z = w + 20, -2*z - 31 = 5*w + 69. Let j(a) = 29*a - 1. Let o be j(-5). Let u = w - o. Calculate the highest common factor of 18 and u.
18
Suppose 3*w - 4*w + 1 = 0, -4*o = -5*w - 147. Calculate the highest common factor of o and 608.
38
Let h be (-20)/2*(-18)/45. Suppose -x + 25 = w, 3*x = h*x - 3*w - 45. Calculate the highest common factor of 6 and x.
6
Let l(f) = f**2 + f - 20. Let z be l(-12). Let q(k) = -k**2 - 13*k - 2. Let v be q(-10). What is the greatest common factor of z and v?
28
Let c(z) = z**2 - 11*z + 21. Let u(y) = -2*y**2 + 22*y - 43. Let o(b) = -5*c(b) - 3*u(b). Let x be o(16). What is the highest common factor of 26 and x?
26
Let v(n) = 12*n**2 - 20*n + 41. Let q be v(12). What is the highest common divisor of q and 11?
11
Let a = 30 + -57. Let n be (5/(-15))/(3/a) - -7. What is the highest common factor of n and 40?
10
Suppose -3*l + l + 4 = 0. Suppose -2*s - 3*t + 39 = 0, 42 = -4*s + 6*s + l*t. Let c = -327 - -351. What is the highest common factor of s and c?
24
Let c be 2*(-2 + 2 - -1). Let w be c/(-9) + (2 - (-140)/63). Suppose 0 = 5*v + 11 - 51. What is the greatest common factor of v and w?
4
Suppose 89 = -3*j + 203. What is the highest common divisor of j and 6?
2
Suppose -18 = -12*j + 9*j. Suppose -90 = -9*s + j*s. Let g be 136/14 + (-2)/(-7). What is the highest common divisor of s and g?
10
Let r(i) = -7*i - 2. Let j(p) = -13*p - 3. Let x(l) = 6*j(l) - 11*r(l). Let q be x(-4). Let d = q - 1. Calculate the highest common factor of d and 49.
7
Suppose 4*p - 43 = 2*w - 3*w, 7 = p + w. Suppose p*i - 348 - 180 = 0. What is the greatest common factor of i and 110?
22
Let n(p) = -40 + 5*p + 68 + 26. Let d be n(-10). Calculate the highest common divisor of 2 and d.
2
Suppose 7*a + 38 = 45. Calculate the greatest common factor of 3 and a.
1
Let c(z) = 6 + 0 + 8 + 11*z**2 - z**3 - z. Let a be c(11). Suppose a*k = -2*h + 449, 0 = 3*k + k - 12. What is the highest common factor of 20 and h?
20
Suppose 5*r + 106 = 3*g + 34, -48 = -2*g + 3*r. Let o be (-120)/g - 10*-2. Calculate the greatest common factor of o and 120.
15
Suppose 5*n + 197 = -183. Let t = n - -88. Calculate the greatest common divisor of t and 4.
4
Suppose 5*f + 387 = 117. Let t = -36 - f. Let g = -44 - -80. What is the highest common divisor of t and g?
18
Suppose 0 = -17*p + 1447 + 848. Let r = 37 + -10. What is the greatest common divisor of p and r?
27
Let f = 439 + -428. Suppose -x + 3*x = 2. Let p be x/(((-8)/22)/(-4)). Calculate the greatest common divisor of p and f.
11
Let y = 1231 + -671. What is the highest common factor of y and 80?
80
Let v be (-56)/(-280) + 1199/5. What is the greatest common divisor of v and 75?
15
Suppose 6*l = 4*l + 8. Suppose l*u + 12 = 60. What is the highest common factor of u and 36?
12
Let o(c) = 2*c**3 - 83*c**2 + 47*c - 220. Let j be o(41). Let p(t) = -36*t - 8. Let g be p(-6). What is the greatest common divisor of j and g?
26
Suppose 9*x - 406 + 91 = 0. Let m(w) = w**2 - 2. Let t be m(3). Calculate the greatest common factor of t and x.
7
Let c be (3 + -8)/(-5) + 124/2. Let v = -32 - -74. What is the greatest common factor of v and c?
21
Let t be (30/8)/(60/400). Calculate the greatest common factor of 20 and t.
5
Suppose 31*j - 568 = 28*j + i, j - 2*i - 191 = 0. Calculate the highest common factor of 225 and j.
9
